{"id":431,"date":"2026-04-26T12:11:50","date_gmt":"2026-04-26T10:11:50","guid":{"rendered":"https:\/\/www.27ascent.com\/?post_type=product&#038;p=431"},"modified":"2026-04-26T12:47:25","modified_gmt":"2026-04-26T10:47:25","slug":"aromalampa-aither-oranzova","status":"publish","type":"product","link":"https:\/\/www.27ascent.com\/en\/produkt\/aromalampa-aither-oranzova\/","title":{"rendered":"Aromalampa AITH\u00c9R, oran\u017eov\u00e1"},"content":{"rendered":"<p>Abych mohla u v\u00e1s doma vytvo\u0159it kouzelnou atmosf\u00e9ru, musela jsem proj\u00edt n\u011bkolika p\u00e1ry \u0161ikovn\u00fdch rukou. Nejd\u0159\u00edve m\u011b design\u00e9rka Eli\u0161ka vytvo\u0159ila z vosku. N\u00e1sledn\u011b na m\u011b vytvo\u0159ila origin\u00e1ln\u00ed s\u00e1drovou formu, kter\u00e1 se pou\u017eila jen na m\u011b. Tvar, kter\u00fd m\u00e1m, by toti\u017e jinak ne\u0161el ze skla vyfouknout. \u017d\u00e1dn\u00e1 jin\u00e1 nen\u00ed se mnou stejn\u00e1. I m\u00e1 barva je jedine\u010dn\u00e1. Ond\u0159ej m\u011b vyfoukl v Nov\u00e9m Boru, kde Eli\u0161ka musela ust\u00e1t s\u00edlu a \u017e\u00e1r roztaven\u00e9ho skla, kter\u00e9 se dralo z formy ven, kdy\u017e m\u011b dr\u017eela ve skl\u00e1\u0159sk\u00fdch rukavic\u00edch. \u010cekalo m\u011b pak \u0159ez\u00e1n\u00ed, le\u0161t\u011bn\u00ed a ponor do kyseliny. Abych mohla n\u00e9st v\u016fni, bylo pot\u0159eba vytvo\u0159it mosaznou misti\u010dku, kter\u00e1 sed\u00ed p\u0159esn\u011b na m\u016fj tvar. O to se postaral pan Poledne. A pak v\u0161e zkompletovat, zabalit a t\u011b\u0161it se na to, kdo ka\u017ed\u00fd ve\u010der, a\u017e m\u011b bude plnit esenci\u00e1ln\u00ed v\u016fn\u00ed, bude v sedm\u00e9m nebi.<\/p>\n<p><span class=\"produkt_podnadpis\">Materi\u00e1l:<\/span> Ru\u010dn\u011b foukan\u00e9 sklo z Nov\u00e9ho Boru &amp; na m\u00edru vyr\u00e1b\u011bn\u00e1 mosazn\u00e1 misti\u010dka, komponenty, ka\u017ed\u00e1 barva je unik\u00e1tn\u00ed<\/p>\n<p><span class=\"produkt_podnadpis\">Rozm\u011bry:<\/span> cca 13 x 13 cm \u2013 Ka\u017ed\u00e1 aromalampa je origin\u00e1l a ka\u017ed\u00e1 m\u00e1 lehce jin\u00e9 rozm\u011bry<\/p>\n<p><span class=\"produkt_podnadpis\">Balen\u00ed:<\/span> Aromalampa je pe\u010dliv\u011b zabalena do ru\u010dn\u011b vyr\u00e1b\u011bn\u00e9 krabice, obsahuje \u010dajovou sv\u00ed\u010dku<\/p>\n","protected":false},"excerpt":{"rendered":"<p>Abych mohla u v\u00e1s doma vytvo\u0159it kouzelnou atmosf\u00e9ru, musela jsem proj\u00edt n\u011bkolika p\u00e1ry \u0161ikovn\u00fdch rukou&#8230;.<\/p>\n","protected":false},"featured_media":432,"template":"","meta":[],"product_cat":[24,15],"product_tag":[],"class_list":{"0":"post-431","1":"product","2":"type-product","3":"status-publish","4":"has-post-thumbnail","6":"product_cat-aromalampy","7":"product_cat-nezarazene","9":"first","10":"instock","11":"taxable","12":"shipping-taxable","13":"purchasable","14":"product-type-simple"},"_links":{"self":[{"href":"https:\/\/www.27ascent.com\/en\/wp-json\/wp\/v2\/product\/431","targetHints":{"allow":["GET"]}}],"collection":[{"href":"https:\/\/www.27ascent.com\/en\/wp-json\/wp\/v2\/product"}],"about":[{"href":"https:\/\/www.27ascent.com\/en\/wp-json\/wp\/v2\/types\/product"}],"wp:featuredmedia":[{"embeddable":true,"href":"https:\/\/www.27ascent.com\/en\/wp-json\/wp\/v2\/media\/432"}],"wp:attachment":[{"href":"https:\/\/www.27ascent.com\/en\/wp-json\/wp\/v2\/media?parent=431"}],"wp:term":[{"taxonomy":"product_cat","embeddable":true,"href":"https:\/\/www.27ascent.com\/en\/wp-json\/wp\/v2\/product_cat?post=431"},{"taxonomy":"product_tag","embeddable":true,"href":"https:\/\/www.27ascent.com\/en\/wp-json\/wp\/v2\/product_tag?post=431"}],"curies":[{"name":"wp","href":"https:\/\/api.w.org\/{rel}","templated":true}]}}

Aromalampa AITHÉR, oranžová

<p>Abych mohla u vás doma vytvořit kouzelnou atmosféru, musela jsem projít několika páry šikovných rukou. Nejdříve mě designérka Eliška vytvořila z vosku. Následně na mě vytvořila originální sádrovou formu, která se použila jen na mě. Tvar, který mám, by totiž jinak nešel ze skla vyfouknout. Žádná jiná není se mnou stejná. I má barva je jedinečná. Ondřej mě vyfoukl v Novém Boru, kde Eliška musela ustát sílu a žár roztaveného skla, které se dralo z formy ven, když mě držela ve sklářských rukavicích. Čekalo mě pak řezání, leštění a ponor do kyseliny. Abych mohla nést vůni, bylo potřeba vytvořit mosaznou mističku, která sedí přesně na můj tvar. O to se postaral pan Poledne. A pak vše zkompletovat, zabalit a těšit se na to, kdo každý večer, až mě bude plnit esenciální vůní, bude v sedmém nebi.</p>
<p><span class="produkt_podnadpis">Materiál:</span> Ručně foukané sklo z Nového Boru &amp; na míru vyráběná mosazná mistička, komponenty, každá barva je unikátní</p>
<p><span class="produkt_podnadpis">Rozměry:</span> cca 13 x 13 cm – Každá aromalampa je originál a každá má lehce jiné rozměry</p>
<p><span class="produkt_podnadpis">Balení:</span> Aromalampa je pečlivě zabalena do ručně vyráběné krabice, obsahuje čajovou svíčku</p>

<p>Abych mohla u vás doma vytvořit kouzelnou atmosféru, musela jsem projít několika páry šikovných rukou&#8230;.</p>
